/(-36)).
3, 5, 59
Let p(q) = q**2 + 28*q + 57. Let y be p(-26). Let u(f) = -93*f - 4. Let a(k) = -31*k - 1. Let v(h) = 8*a(h) - 3*u(h). What are the prime factors of v(y)?
3, 53
Let d = 7382 - -48293. What are the prime factors of d?
5, 17, 131
Suppose -c = -3*u + 44635, 440*c = -2*u + 443*c + 29745. List the prime factors of u.
2, 3, 5, 31
Let h(k) be the first derivative of 16*k**2 - 409*k - 146. What are the prime factors of h(44)?
3, 37
Let k(p) = -2*p**2 - 2*p + 4. Let i be k(-2). Suppose 2*c + v = -i*c + 2, 0 = 3*v + 6. Let o(x) = 2*x**3 - 3*x**2 + 6*x - 3. List the prime factors of o(c).
13
Suppose 111*y = -171*y + 2898960. List the prime factors of y.
2, 5, 257
Suppose 0 = 12*y + 256*y - 9188721 - 14195351. What are the prime factors of y?
2, 43627
List the prime factors of (-3 - -21)/(-108) + (-1293988)/(-24).
2, 3, 4493
Suppose -8*w + 9*w - 102 = -2*x, 4*w = 4*x + 348. Suppose -5*i + 32 - 7 = 0. Suppose -i*t + w = -53. List the prime factors of t.
29
List the prime factors of -17763*(-32)/48*(-2)/(-4).
31, 191
Let k be 4/(-18) + -130*4/(-72). Suppose k*r - 1737 = 174. What are the prime factors of r?
3, 7, 13
Suppose 26*c - 179143 = 348345. List the prime factors of c.
2, 317
Let y = 47255 - 24355. What are the prime factors of y?
2, 5, 229
Suppose 4*w = 4*p - 44592, -p - 5*w - 4343 = -15473. What are the prime factors of p?
3, 5, 743
Let k = 53074 + -21239. List the prime factors of k.
5, 6367
Let p(a) = -143*a + 4. Suppose 52*c - 4 = 56*c. Let g be p(c). Let y = g + -5. List the prime factors of y.
2, 71
Suppose 0 = 5*b + i - 198908, 5*b - 4*i = 132876 + 66017. List the prime factors of b.
7, 5683
Let i(q) = 63*q**2 + 2*q - 3. Suppose 4*v = -2*j + 44, -5*v = -7*v + 10. Suppose 0*w = 12*w - j. What are the prime factors of i(w)?
2, 31
Suppose -2*p + 14 = -82. Let m = 84 - p. List the prime factors of m - (3/2)/(21/(-28)).
2, 19
Let t = 16 + -14. Let u(l) = -8 - 2 + l**2 - 2 + t. What are the prime factors of u(-12)?
2, 67
Let h = 100505 + -51773. List the prime factors of h.
2, 3, 31, 131
Let n(r) = -19*r + 3. Let j(z) = -20*z + 2. Let p(w) = 5*j(w) - 4*n(w). Let y be p(-1). Suppose f + y = 201. List the prime factors of f.
179
Let m = 36 - 34. Let a be ((-3)/m)/((-2)/(-4)). What are the prime factors of 198 + (-1 - -2) + a?
2, 7
List the prime factors of 555/(-6105) + (356908/(-11))/(-2).
16223
Suppose -38*g - 9300 = -50*g. Suppose 27*j + g = z + 22*j, -2*j + 3056 = 4*z. What are the prime factors of z?
3, 5, 17
Let q be (-76921)/(-117)*-3 - (-1)/3. Let a = -658 - q. What are the prime factors of a?
2, 3, 73
Let i = 19090 + -2779. What are the prime factors of i?
3, 5437
Let h(z) = -69*z + 416. Let i be h(6). Suppose -4515 = -5*d + 4*q + 3696, -5*d + 8203 = -i*q. List the prime factors of d.
11, 149
Suppose 3*s - 16556 - 30945 + 14264 = 0. List the prime factors of s.
3, 1231
What are the prime factors of (-343)/336*-7856 + (-3)/((-9)/(-2))?
3, 11
Let v = 587 + -1571. Let l = 1492 + v. What are the prime factors of l?
2, 127
Suppose -5*u - 4*v + 15959 = -154687, -4*u + 136476 = -7*v. What are the prime factors of u?
2, 113, 151
List the prime factors of (407/74)/(3/2364).
2, 11, 197
List the prime factors of ((-56091)/(-6) - 0)*50/175.
2671
Suppose -a = -44 - 32. What are the prime factors of 25403/a - (-1)/(-4)?
2, 167
Suppose 3*k + 135 - 105 = 0. List the prime factors of 2880/100 + (-2)/k.
29
Let u be -2 + 4 + -3 + 1. Suppose 2*q + u = 4*h - 2, 3*q + 5*h = -25. What are the prime factors of (19/2 - 0)*(-3 - q)?
19
Let r be 1*-13*(0 + 2/(-2)). Suppose -4*s - 10 = 3*p + 2*p, 3*s = -p - r. List the prime factors of p.
2
What are the prime factors of (61321/26)/(2/28)?
7, 53, 89
Let z = -1610 + 5169. List the prime factors of z.
3559
What are the prime factors of 4/30*865*51?
2, 17, 173
Suppose 32*g - 313104 = -16*g. List the prime factors of g.
11, 593
Let v(b) = 21*b**2 + 1332*b - 16. What are the prime factors of v(-70)?
2, 2411
Let f(h) = -2*h**2 - h + 2. Let a be (-5)/(-15)*0/(-1)*1. Let o be f(a). Suppose 3*w - 3*p = -p + 108, -4*p + 88 = o*w. List the prime factors of w.
2, 19
Let m(x) = 5*x**3 + x**2 - x. Let k = 30 - 29. Let v be m(k). Suppose -3*p + v*p - 28 = 0. List the prime factors of p.
2, 7
Suppose 3*m + 18361 = 4*l - 25505, 2*l - 21966 = -4*m. What are the prime factors of l?
3, 23, 53
Suppose 2*r + 2*k = -84, 0 = r - 19*k + 16*k + 34. What are the prime factors of 15/(2/(-10)*10/r)?
2, 3, 5
Suppose 125*i - 1986363 = 1534012. List the prime factors of i.
28163
Let k be (-423)/(-188)*(-4)/(-3). Suppose 4*g - 3139 = -2*b - b, -5*b - k*g + 5250 = 0. List the prime factors of b.
3, 13
Let g = 93 - 93. Let i = g + 493. What are the prime factors of i?
17, 29
Let u(v) = 18*v + 87. Let a(r) = 39*r + 175. Let t(s) = 4*a(s) - 10*u(s). List the prime factors of t(-42).
2, 419
Let n(z) = z**3 - 20*z**2 - z + 23. Let s be n(20). Suppose 13*u - 2780 = s*u. What are the prime factors of u?
2, 139
Suppose 15*n = 4881 + 37344. What are the prime factors of n?
5, 563
Suppose 691*l = 607*l + 4573128. List the prime factors of l.
2, 163, 167
Let c = -10249 + 38529. What are the prime factors of c?
2, 5, 7, 101
Let q(w) = -111*w + 15. Let d be q(4). Let x = d + 1425. What are the prime factors of x?
2, 3, 83
Let n be -6*((-11)/2 - -5). Suppose -4*s = 4*y - 8, -n*y - 3*s = 2*y - 6. Suppose q + 339 = 2*z - y*z, 5*q = 5*z - 845. List the prime factors of z.
2, 5, 17
Let b = 47 - 32. Let s be 30/25*b/(-2). List the prime factors of -2 - -2 - -3*(-222)/s.
2, 37
Suppose 0 = -6*f - 1754 - 316. Let r = f + 530. List the prime factors of r.
5, 37
What are the prime factors of (9 + 12/(-1))/(1/(-2109))?
3, 19, 37
Suppose 0 = 5*v - 2*j - 174, v + v - 84 = -4*j. Let i = v + -54. Let t = i + 79. List the prime factors of t.
61
Let i = 7115 + -1736. What are the prime factors of i?
3, 11, 163
Let w = 97711 - 57775. What are the prime factors of w?
2, 3, 13
Let a = -2533 - -2501. Let k(l) = -8*l. Let c be k(-5). Let u = c - a. List the prime factors of u.
2, 3
Let j = 658 - 413. Suppose -3*v + 506 = 2*s, -3*v + s + 258 = -j. List the prime factors of v.
2, 3, 7
Let o(r) = -70*r + 13. Let z(w) = 211*w - 38. Let n(a) = 8*o(a) + 3*z(a). What are the prime factors of n(1)?
3, 7
Suppose -2*p - p + 38921 = 1043. List the prime factors of p.
2, 59, 107
Let j(b) = b**2 - 2. Let f = 15 - 13. Let a be j(f). List the prime factors of (4/(-16))/(a/172)*-2.
43
Suppose -10*m - 362700 = -25*m - 24*m. What are the prime factors of m?
2, 3, 5, 31
Let m(d) = d**2 - 32. Let f be m(-8). What are the prime factors of (-8)/(-2) - (f - 99)?
71
Let m = 114 - 65. Let y = m + -45. Suppose -2*d + 3*q - 5*q = -128, -4*q = -y*d + 232. What are the prime factors of d?
61
Suppose -2*j + 17401 + 1571 = -5*b, 4*j + 4*b = 38028. What are the prime factors of j?
3, 3167
Suppose 3*t + 5*g = -148, 150 - 54 = -2*t - 4*g. Let s = -47 - t. What are the prime factors of (-6)/s*((-204)/2)/1?
2, 17
Suppose -32 = -4*k + 5*i, -2*i + 16 = 4*k - 3*i. Suppose -82 = -k*a + 98. What are the prime factors of 1*a + (-36)/9?
2, 7
Let h be 1 + (-1 - 0) - 40. Let s be (50/h)/((-1)/(-12)). List the prime factors of (-4 + 16)/((-1)/s).
2, 3, 5
Let u = 435 - 177. Let l = u - 189. List the prime factors of l.
3, 23
Let s(w) = -74*w + 546. What are the prime factors of s(-45)?
2, 3, 17, 19
Let a(q) = -2*q - 53. Let l be a(6). Let r = l - -255. List the prime factors of r.
2, 5, 19
Let b(x) = 45*x**2 - 391 - 22*x**2 - 7*x**2 - 15*x**2 + 23*x. List the prime factors of b(-59).
1733
List the prime factors of 1/(-3)*(-44 + -12559).
4201
Let c(b) = -11*b**2 - 37*b + 1. Let x be c(-9). Let y = -184 - x. List the prime factors of y.
373
Let m = -12 - -21. Suppose 0 = m*x - 8*x. Suppose -o + 3*n + 54 = x, -o - 3*n + 75 = n. What are the prime factors of o?
3, 7
Let d = -362 - -645. Suppose d = g - 4*c, g - 2*c + 92 = 373. What are the prime factors of g?
3, 31
Suppose 5*c - 3388 = c - 2*n, -2*c + 2*n + 1694 = 0. Let i = -6 + c. What are the prime factors of i?
29
Suppose -8*h + 23*h - 369943 = -26*h. What are the prime factors of h?
7, 1289
Let f(s) = -s**3 - 13*s**2 - s - 10. Let r = -1 + -12. Let d be f(r). Suppose d*h - 45 = -2*m + 5*m, -3*m + 91 = 5*h. What are the prime factors of h?
17
Suppose -6*k + 26 = 